mon factor of 124 and i.
62
Suppose -693*r - 960 = -705*r. What is the highest common factor of 5720 and r?
40
Suppose 0 = -2*f - h + 53, 0*h - 25 = -f - h. Suppose -3*v + 27 = -v + p, -2*v = 2*p - f. Calculate the greatest common factor of v and 559.
13
Let o(n) = -65*n + 50. Let c be o(4). Let g = c + 223. Let u = -116 - -181. What is the highest common divisor of g and u?
13
Suppose -4 + 6 = 7*w - 12. Calculate the greatest common divisor of 377 and w.
1
Let u = 4640 - 4634. Let j = 24 + -18. What is the highest common divisor of j and u?
6
Let z be 137/((-5480)/160) - (0 + -1 - 395). Let g be 114 + (1 - 6/2). What is the greatest common divisor of z and g?
56
Let k(z) = -z**2 + z + 24. Suppose -b + 0*b = 0. Let o be k(b). Let n(i) = -1212*i - 4812. Let t be n(-4). Calculate the highest common factor of o and t.
12
Let m(p) = p**3 + 15*p**2 + 20*p + 17. Let o be m(-13). Let d = o - 15. Calculate the highest common factor of 120 and d.
40
Let f = -1656 + 2800. What is the greatest common divisor of f and 16?
8
Let m(u) = 2*u + 6. Let v be m(-4). Let p be v - (-1)/(-1)*-9. Let j(s) = -6100*s - 30451. Let k be j(-5). What is the highest common divisor of k and p?
7
Let r be (-3)/12 - 61540/(-272). What is the highest common divisor of 28 and r?
2
Let i(b) = b**3 - 5*b**2 - 6*b + 8. Let k = -45 - -51. Let t be i(k). Let x be (-282)/(-4) - 4/t. What is the highest common factor of 28 and x?
14
Let w(o) = 192*o - 680. Let i be w(4). Calculate the highest common divisor of i and 1012.
44
Suppose 0 = -589*w + 590*w + 240. Let k be (-2)/(1/w*4). Calculate the greatest common divisor of k and 36.
12
Let n = 4 + -3. Suppose -3*d + d + 24 = 3*r, -3*d + 33 = 3*r. Suppose 3*t - d = -6*m + 3*m, -2 = 2*t. What is the greatest common divisor of n and m?
1
Suppose 2*g = u + 34, g - 4*u = 2*g + 1. Let k = 38 + -13. Calculate the highest common factor of g and k.
5
Suppose 5*l - 2*u - 35786 = 0, 5*u + 25724 - 4260 = 3*l. Calculate the greatest common factor of 6 and l.
6
Suppose 2*b + 4*j = 0, 2*b - j = 4*j - 27. Let s be 9198/189 + (-2)/b. What is the highest common factor of 14 and s?
7
Suppose 0 = 29*s - 24*s - 35. Suppose 2*v + 25 = -3*v, 3*v = -p + s. Let m = -328 - -526. What is the highest common divisor of p and m?
22
Let q(r) = r**2 + 6*r + 1080. Let f be q(0). Suppose f = 132*n - 128*n. What is the highest common divisor of n and 18?
18
Suppose 0 = -4*z + 20, -d - 9*z + 6*z + 69 = 0. Calculate the greatest common divisor of d and 2.
2
Suppose v = 75 - 73. Calculate the greatest common factor of v and 262.
2
Let p be (-5 + (-375)/5)*-26. Suppose -73*v - p = -81*v. Calculate the highest common divisor of v and 78.
26
Suppose -2*j + 3*p = -943, -14*j - 5*p + 5002 = -1677. What is the highest common factor of 68 and j?
68
Let u be (-90)/(-18) + 4 + -5 + 2300. What is the highest common factor of 36 and u?
36
Suppose 34*h - 898 = 136*h - 5488. Calculate the greatest common divisor of 7065 and h.
45
Suppose 5*f - 9 = -19. Let b(a) = 3*a**2 - a - 4. Let v be b(f). Calculate the greatest common divisor of v and 30.
10
Let u(i) = 8*i**2 + i + 1. Let s be u(-1). Let c = -54011 + 54083. Calculate the greatest common divisor of c and s.
8
Let m(s) = s**3 - 13*s**2 - s + 24. Let x be 1/(125/(-65) + 2). Let q be m(x). Calculate the greatest common factor of q and 4.
1
Let q = 16 + -18. Let u(o) be the first derivative of -75*o**2/2 + 3*o - 8. Let g be u(q). Calculate the greatest common factor of g and 17.
17
Let t(s) = 15*s - 16. Let p be t(4). Suppose -5*y = -2*v + p, 5*y = 3*y - 8. Calculate the highest common factor of 30 and v.
6
Let h = -864 - -248. Let k = 627 + h. Let t = 188 - 133. What is the greatest common divisor of t and k?
11
Let w(n) = 2852*n + 426. Let v be w(5). Calculate the greatest common factor of v and 7.
7
Let c = -23853 + 24462. Calculate the greatest common divisor of 1392 and c.
87
Suppose -723 = -2*m - 2*o + 9, 0 = 2*o + 2. Let n = m + -297. Let i = 88 + -53. What is the highest common divisor of i and n?
35
Let g be (8/4)/((-1012)/(-504) - 2). Let b = g + -99. Suppose -5*k - 3*h = -b, 2*k - 8*h - 78 = -5*h. Calculate the greatest common factor of k and 6.
3
Suppose 3*c - 8*c = 0. Suppose -2*m + 26 + 4 = c. Let x(u) = 2*u**2 + 2*u - 9. Let z be x(-7). Calculate the greatest common divisor of m and z.
15
Suppose 4*t = 10 + 34. Suppose -j - 3*i + 7 = 0, 13 = 5*i - 7. Let s be -66*((-4)/20)/((-2)/j). What is the highest common divisor of t and s?
11
Let p(v) = 38*v + 1115. Let m be p(11). What is the greatest common divisor of m and 3504?
219
Suppose 2*h - 9*h = 14. Let s be -1*(-1)/(h/(-100)). Calculate the highest common factor of s and 110.
10
Let w be 3/15 + 1888/10. Let d(i) = -2*i**2 - 10*i + 21. Let u be d(-7). Let n be ((-1656)/(-63) - 5) + 2/u. Calculate the greatest common divisor of w and n.
21
Let k(p) = -p**2 - 56*p + 24. Let g be k(-45). Let m = g - 507. Calculate the greatest common divisor of 92 and m.
4
Suppose 0 = 2*f + 4*m - 136, -3*m = f - 74 + 7. What is the greatest common factor of 1330 and f?
70
Let r(v) = -2*v + 8. Let x be r(2). Suppose 22 = x*w - 2. Suppose 0 = -g - 4*c + w, g + 1 = 5*c - 2. What is the greatest common divisor of g and 14?
2
Let w = 209 + -119. Let y = 102 - w. Let m be 1293/y + -3*2/(-24). Calculate the highest common factor of m and 12.
12
Let c = 7330 - 6620. What is the greatest common factor of 2556 and c?
142
Let z(o) be the second derivative of 0 - 7*o + 7/2*o**2 + 1/2*o**4 + 1/20*o**5 + o**3. Let y be z(-5). What is the greatest common factor of 2 and y?
2
Suppose -35 = -5*u - 5*w, 4*w + 70 = 5*u + 2*w. Let h(k) = k**3 + 12*k**2 - 21*k - 92. Let b be h(-13). Calculate the highest common divisor of u and b.
12
Suppose -1583 = -2*m + 5*u + 85, 0 = 4*m - 7*u - 3342. Calculate the greatest common divisor of m and 1.
1
Let f = -3 - -3. Let z = 169 - 162. Suppose f = -2*c + 3*s + 20, -2*c + 3 = 3*s + z. What is the greatest common divisor of c and 32?
4
Let d = -7678 + 7755. What is the greatest common factor of 2786 and d?
7
Let i be 145 + ((-5)/((-15)/(-27)) - -4). Let u(j) = j**2 + j + 20. Let y be u(0). Calculate the highest common factor of y and i.
20
Suppose 365 - 115 = 5*u. Let r = 34 - u. Let k be r*(1 - 2) + -3. What is the greatest common divisor of k and 143?
13
Let l = 27 + 79. Let m be ((-11)/(-3) - 1)/((-21)/(-1071)). Let z = m - l. What is the greatest common divisor of 210 and z?
30
Let p be 8/6*4*6. Let u(y) be the first derivative of y**4/4 - y**3 - 9*y**2/2 - 24*y - 63. Let d be u(8). What is the greatest common factor of d and p?
32
Suppose -26550 + 172410 = 187*v. Calculate the greatest common divisor of v and 240.
60
Let h(n) = 250*n - 3555. Let j be h(16). Calculate the highest common factor of j and 2314.
89
Let b = 13 + 107. Let k(i) = 10*i - 40. Let h be 3*((-3)/(-2) + 40/48). Let c be k(h). Calculate the greatest common factor of c and b.
30
Let l = 56860 - 39864. Calculate the greatest common factor of 28 and l.
28
Let l be 3*3/(-18)*0 - -36. Let z be (-1 + l)*2/(-21)*-9. Calculate the highest common divisor of z and 12.
6
Let q(z) = -20*z - 203. Let v be q(-10). Let b be (v + 47)*4 + -1. What is the highest common factor of b and 100?
25
Let z(n) = -9*n - 3. Let r be z(-3). Suppose -4*b + 224 = -2*f, -8*f + 12*f + 5*b + 409 = 0. Let d = f - -142. What is the greatest common factor of d and r?
12
Let i(u) = 6*u**2 - 3*u + 2. Let z be i(1). Suppose 36 = -z*l + 7*l. Let g be l - (-5 - -5)/2. What is the greatest common factor of 45 and g?
9
Let p = 92 - -8. Suppose p = 3*l + 4*b, 5*l - 120 = 6*b - b. Let s = -27628 - -27635. What is the highest common divisor of l and s?
7
Suppose -29*y - 106314 = -87*y + 45*y. Calculate the greatest common factor of 348 and y.
174
Let l(x) be the third derivative of -x**5/60 + x**4/6 - x**3/3 - 23*x**2. Let u be l(-8). Let d = -83 - u. Calculate the highest common factor of d and 10.
5
Let j be ((-20086)/605)/((-4)/970). What is the highest common factor of 83 and j?
83
Let y = -2900 + 2907. What is the greatest common factor of 623 and y?
7
Let f be 42/(-28) + (-526)/(-4). Let k(c) = -37*c - 209. Let s be k(-6). What is the highest common factor of f and s?
13
Let k(i) = -i**3 - 13*i**2 + 3*i - 9. Let g be k(-14). Let h = -104 